25. Calculate the remainder when v(a) is divided by 33.
13
Let g(v) = 6*v - 34. Let s be 2 + 2*9/2. Calculate the remainder when g(s) is divided by 20.
12
Let d(j) = 3*j**2 - j - 1. Let v be d(-1). Suppose 2*i - 45 = -v*i. Suppose 20*z + x + 26 = 25*z, -z + 2 = 3*x. What is the remainder when i is divided by z?
4
Let u = 12 - 15. Let s be ((-6)/4)/(u/4). Suppose -s*d + 0*d + 22 = k, 4*d = -k + 40. What is the remainder when 51 is divided by d?
6
Let y = -2764 + 2803. Calculate the remainder when 184 is divided by y.
28
Suppose -2*o = -11*o - 14*o + 238740. What is the remainder when o is divided by 58?
56
Suppose -r + 8 = 2*m + 3*m, -4*r + 2*m + 76 = 0. Let t(i) = 2*i**3 - 12*i**2 + 32*i - 8. Calculate the remainder when t(3) is divided by r.
16
Calculate the remainder when 1478 is divided by 24*(5 + 53/(-12)).
8
Let q(l) = 955*l - 17168. Calculate the remainder when 2264 is divided by q(18).
20
Suppose 1156 + 1048 = 38*p. Let f be (1/(-1) + 3)*1. Calculate the remainder when p is divided by 24 - f/(-4)*-4.
14
Suppose n - 65*g + 63*g = 16, -3*n - g = -41. What is the remainder when 517 is divided by n?
13
Let c(o) = o**3 + 19*o**2 - 95*o - 23. What is the remainder when 863 is divided by c(-23)?
35
Suppose -2*h + 46*o - 51*o = -340, -924 = -6*h + o. Calculate the remainder when h is divided by 9.
2
Let a(h) = -h**3 - 22*h**2 - 43*h - 14. Let m be a(-19). Let g = 401 + m. Let t = g + -35. Calculate the remainder when t is divided by 11.
9
What is the remainder when 15572/119 - (-6)/(-7) is divided by -1*1/2 - 335/(-10)?
31
Suppose -5*p = 4*j - 109, j = -j - 2*p + 56. What is the remainder when 28/(-70) - ((-103416)/840 - (-2)/(-7)) is divided by j?
30
Suppose -6*k + 5*k = 5*u - 160, 2*k - 362 = -4*u. Calculate the remainder when 2912 is divided by k.
182
Let h(l) = -2*l + 94. Let w be h(-10). Let y = w - 63. Let v = -17 + 44. Calculate the remainder when y is divided by v.
24
Suppose -3*m + h = -225, -70*m + 71*m - 5*h = 117. What is the remainder when m is divided by (4 + -2)*(-26)/(-4)?
7
Suppose 3*u = i - 8, 24*i - 22*i = 2*u + 20. Suppose -i*d + 8*d - 3*q = -1065, -4*d = 5*q - 1416. Calculate the remainder when d is divided by 36.
35
Let b(v) = -317*v - 1715. Calculate the remainder when b(-7) is divided by 171.
162
Let g = 155 - 151. Suppose -4*x + 2*b = -332, -b - 344 = -4*x + 4*b. Calculate the remainder when x is divided by (g + (-21)/6)*42.
18
Suppose -3*i - 3*i + 4254 = 0. Suppose 0 = 2*o + 619 - i. Calculate the remainder when o is divided by 0 - -1 - (-35)/7.
3
Suppose 108 = 5*v + 3*x, 3*v + 4*x = x + 60. Suppose 2*w - 5*k = 904, -k = 26 - v. Calculate the remainder when w is divided by 8.
7
Let x(o) = o**2 - 11. Suppose -512 = -658*w + 650*w. Calculate the remainder when w is divided by x(-6).
14
Suppose -4*t + 37 = -303. Let n = -62 + t. What is the remainder when (135/10)/(3/20) is divided by n?
21
Let c(q) = 96*q**3 - q**2 - 4*q + 6. Calculate the remainder when 322 is divided by c(1).
31
Let n = 575 + 575. Suppose 2*w + n = -3*w. Calculate the remainder when 3/(-3 + w/(-75)) is divided by 23.
22
Suppose -a + 2*s = -70, -3 = 3*a - 4*s - 221. What is the remainder when (0 - -2) + (1*-18*(-11)/66 - -306) is divided by a?
77
Let r = 4461 + -3582. Calculate the remainder when r is divided by 42.
39
Suppose -15*o = -151 + 46. Let y = 9 - 7. What is the remainder when o is divided by y?
1
Let w be (-8)/((-32)/12) + (1 - 8). What is the remainder when 19 is divided by ((-10)/(-4))/(w/56*-7)?
4
Let c(b) = b**3 - 17*b**2 - 37*b + 17. Suppose 5*q = -2*m - 16 + 39, -79 = -4*m + q. What is the remainder when 214 is divided by c(m)?
34
Let m = 210 - 19. Let z be 1/(-3)*(-1 - 218). Let i = m - z. Calculate the remainder when i is divided by 30.
28
Let n(a) = 2*a**3 - 34*a**2 - 173*a + 4666. What is the remainder when n(23) is divided by 138?
135
Suppose -24920 = -248*x - 2848. Calculate the remainder when 550 is divided by x.
16
What is the remainder when (2*(-6)/54)/(20/(-272070)) is divided by 121?
119
Suppose k - 617 = -3*o + 746, 2*k = 6*o + 2666. What is the remainder when k is divided by 10?
8
Let k(i) = 129*i - 10. Let n be k(-5). Let s = -296 - n. Calculate the remainder when s is divided by 12.
11
Let z(k) = 5*k - 3. Let x(u) = 3*u**2 + 5*u + 7. What is the remainder when x(6) is divided by z(2)?
5
Let n(f) = 8*f + 24. Let k be n(4). Suppose -14*d + 7*d + k = 0. Suppose -6*w + d = -22. Calculate the remainder when w is divided by 2.
1
Let d(l) = -52*l + 11. Let y be d(2). Let t = y - -97. Calculate the remainder when 27 is divided by t.
3
Let m be 9 + 6/(-3)*(-2)/(-4). Suppose 164 = 4*g - m*g. Let k = 52 + g. What is the remainder when 21 is divided by k?
10
Let t(n) = 170*n - 491. Suppose 3*x + 37 = p - 0*x, -3*p + 135 = -x. What is the remainder when p is divided by t(3)?
8
Suppose -2*k + 3*d + 534 = 0, 6*k - 5*k + 4*d - 267 = 0. Suppose 4*p - k = -223. What is the remainder when 50 is divided by p?
6
Suppose -2 - 6 = -2*a. Calculate the remainder when ((-1055)/422)/((-1)/2) is divided by a.
1
Suppose 3*a + 0*a - 3*n = -951, -639 = 2*a - n. Let f = a - -472. What is the remainder when f is divided by 22?
18
Let h = -250 + -213. Calculate the remainder when h/(-5) + (-56)/(-140) is divided by 28.
9
Suppose 69*p - 255 - 1608 = 0. Calculate the remainder when 532 is divided by p.
19
Let q = 498 - 248. Suppose 7*m = w + 4*m - 63, 2*m + q = 5*w. What is the remainder when w is divided by 42?
6
Let w be -9 - (-25)/((-25)/(-78)). Suppose -4*m - w*l = -70*l - 247, 0 = 3*m + 2*l - 199. What is the remainder when m is divided by 8?
7
Let z = 2061 + -1990. What is the remainder when z is divided by 4/(-20) + (-52)/(-10)?
1
Let t(m) = -m**2 + 4*m - 5. Let f be t(10). Let a = f - -71. What is the remainder when 18 is divided by (2 + 4)*(a/(-9))/(-1)?
2
Let g(t) = 5*t**3 + 2*t**2 - t - 2. Let j be g(1). Suppose j*i - 7*i + 102 = 5*v, 4*i - 165 = 3*v. What is the remainder when i is divided by 16?
7
Calculate the remainder when (-28)/84 + (-7)/(84/(-2032)) is divided by 29/3 - (-10)/(-15).
7
Let x = 20449 - 20379. Calculate the remainder when 348 is divided by x.
68
Calculate the remainder when (-24)/(-18)*-6 + 4 + 763 is divided by 26.
5
Suppose 120*q = 122*q - 814. Suppose -199 = -y + q. Calculate the remainder when y is divided by 16.
14
Let c = 1 + 4. Let s be (-26)/14 - c/35. What is the remainder when 33/11 - s/1 is divided by 2?
1
Let y(g) = -34*g + 3457. Let w(q) = 10*q**2 - 3*q + 1. Let f be 4/(-14) + (-32)/(-14). Calculate the remainder when w(f) is divided by y(101).
12
Suppose 3*f = 2*x + 180, -5*f + 214 = x - 60. What is the remainder when f is divided by 34?
22
Let t = -987 - -3076. Let o = t + -1034. Calculate the remainder when o is divided by 66.
65
Suppose 11*t = -0*t + 3531. What is the remainder when t is divided by 264?
57
Let u = 25 + -21. Let l be 113/4 - 1/u. Suppose 4*f + 9*v - l = 4*v, -v = -5*f + 35. Calculate the remainder when 27 is divided by f.
6
Let c = -12248 - -12267. What is the remainder when 2031 is divided by c?
17
Suppose -705*a + 15312 = 51*a - 60*a. What is the remainder when 36/(-15)*(-1 + -34) is divided by a?
18
Suppose -2331 = 79*r - 88*r. Calculate the remainder when r is divided by 128.
3
Let w be -48 - -52 - (0 + -1). Suppose 4*l - 22 = -6*s + 5*s, l + 26 = w*s. What is the remainder when 9 is divided by s?
3
Let s = -1933 + 3149. What is the remainder when s is divided by 87?
85
Let l(q) = 1127*q + 11. Let f be l(4). Suppose f = 24*p + 1375. What is the remainder when p is divided by 49?
33
Let j(r) = -1171*r**3 + 8*r**2 + 11*r. What is the remainder when j(-2) is divided by 10?
8
Let o(t) = t**3 - 3*t**2 + t + 2. Let g be o(2). Suppose g = 6*p - p - 415. What is the remainder when p is divided by 12?
11
Suppose 229 = w - q, -2*q = -2*w + 3*q + 464. What is the remainder when w is divided by (-92)/3*231/(-154)?
43
Suppose 4*i - 108 = -3*i + 74. Calculate the remainder when i is divided by 9.
8
Let v be (-8)/(-3)*3/2. Let g = 49422 + -49341. Calculate the remainder when g is divided by 498/12 - (-2)/v.
39
Let j = 7 - 2. Suppose 4*w - 23 = -u, j*u = 2*w + 4*u - 7. Suppose 15 + 190 = w*q. Calculate the remainder when q is divided by 4.
1
Suppose -m - 14 = -f, 2*f - 5*m - 66 = -59. Suppose -5*c = 